x - t + 258 + n = 0. What is the tens digit of x?
1
Let h(i) = 34*i**2 - 2. Suppose 4*x + 48 - 72 = 0. Suppose -x*v - 3 - 9 = 0. What is the tens digit of h(v)?
3
Suppose -197*y = -198*y - 1, 3*b + 5*y = 29992. What is the hundreds digit of b?
9
Suppose -5*x + 1 + 19 = 0, -2*p - 2*x - 4 = 0. Let a be 2/(-6)*(p - -3). What is the units digit of ((-44)/(-55))/(a/80)?
4
Let v(b) = -415*b - 75. Let x be v(-15). What is the tens digit of (-2)/4 + x/12?
1
What is the thousands digit of ((-1)/6)/((-4)/134376)?
5
Suppose -17*w = -47772 - 85321. What is the thousands digit of w?
7
Suppose -n - t = -4, 0 = 5*n + 4*t - 17 - 1. Suppose j + 551 = 2*q, -n*q + 3*q + 2*j = 283. What is the units digit of q?
7
What is the tens digit of -10 - 10/(-100)*-10 - -83062?
5
Suppose -y = -4*r - 66, -2*r - 40 = 2*y - 6*y. Let w = r - -20. Suppose -g = 3*k - 12, w*g + 5*k = 30 + 18. What is the tens digit of g?
1
Let g be (-9 + (-344)/16)*2. Let j = 28 + -67. Let n = j - g. What is the tens digit of n?
2
Suppose -6*d + 5*q = -5788 - 7809, -4*d - 5*q = -9023. What is the thousands digit of d?
2
Let k(j) = 7*j**2 + 7*j**2 - 4*j**2 + 11 - j**3 + 8*j**2 - 23*j. Let s be k(16). Let w = -67 + s. What is the units digit of w?
8
Let o(w) = -w**2 + 7*w + 4. Let q be o(6). Let v = -219 + 498. Suppose 7*j = q*j - v. What is the tens digit of j?
9
Let y be (496/(-62))/(4/(-50)). Suppose -107*n + y*n = -8806. What is the hundreds digit of n?
2
Let d(o) = 46 + 13*o + 6*o + 11*o. What is the tens digit of d(14)?
6
Let z(r) be the third derivative of 3*r**2 - 1/60*r**5 + 0 + 0*r + 37/6*r**3 - 19/24*r**4. What is the tens digit of z(-20)?
1
Suppose 2*s + 5 = -2*h + 39, -4*h + 84 = 5*s. Suppose s*l - 10922 = -2986. What is the units digit of l?
6
Let j(c) = c**3 - 5 - 4*c**2 - 1 - 1 + 9*c + 15*c**2. Let i be j(-10). Let k(f) = 5*f**3 - 3*f**2 - 3*f + 3. What is the tens digit of k(i)?
0
Suppose 5*z = 2*i + 205, 11*i + 98 = 2*z + 7*i. Let g = 59 + -42. Suppose -n = -z - g. What is the units digit of n?
6
Suppose 37*h + 26078 = 3*h. Let m = 1872 + h. What is the tens digit of m?
0
Let u = -4525 - -7015. What is the tens digit of u?
9
Let y = -2910 - -16548. What is the ten thousands digit of y?
1
Let h = 9867 - 5328. What is the thousands digit of h?
4
What is the thousands digit of (-22130)/(-4) + (-12 - (-190)/20)?
5
Let s(v) = v**2 - 15*v + 21. Let g be s(13). Let q(u) = u**3 + 6*u**2 + 4. Let r be q(g). Let o = 5 + r. What is the units digit of o?
4
Let r = -231 - -235. Suppose 0*f = r*f + 5*q - 219, 5*q + 240 = 5*f. What is the tens digit of f?
5
Let v = 48 + -46. Let b be v/(0 + (-6)/9). What is the units digit of 1 + (-92)/(-1) - b?
6
Let c = -515 - -519. What is the tens digit of 31/(1085/294)*50/c?
0
Suppose -563*k - o = -560*k - 138282, 230470 = 5*k + 5*o. What is the tens digit of k?
9
Let y = -9521 - -16653. What is the units digit of y?
2
Let a = -66 - -69. Suppose -3*w = -t + 1, 0 = 2*t + 3*t + a*w + 49. What is the units digit of t/(-36) - 61/(-9)?
7
Suppose 4*p + 5*t - 10082 = 0, 16*t = 2*p + 12*t - 5054. What is the thousands digit of p?
2
Suppose 2*c = -10, 4*c - 11 = -4*z + 3*c. Suppose 36 = z*w - v - 185, -3*w + 5*v = -153. What is the tens digit of w?
5
Let f(u) = 12*u**2 - 5*u + 15*u - 32 - 111 + 0*u + 36. What is the thousands digit of f(10)?
1
Let o(i) = 18*i + 122. Let f(a) = 2*a**2 + 19*a + 38. Let y be f(-8). What is the units digit of o(y)?
4
Let k be 13/3 - 2/(-3). Suppose -k*v + 2*a + 1994 = a, 5*a + 418 = v. What is the units digit of v?
8
Let z be -2*(-2 - -16*(0 - 1)). Let u be z/16 - (3/(-3))/(-4). Suppose u*s - a + 6*a - 291 = 0, -3*s + 2*a = -465. What is the hundreds digit of s?
1
Let u(t) = 8*t - 5. Let f(v) = 4*v - 3. Let b(a) = 5*f(a) - 2*u(a). Let c be b(8). What is the units digit of 198/c*(-1 + 16)?
0
Suppose 0 = 5*v - 28 - 2. Suppose 3*k = v + 9. Suppose k*o + 5*m + 3 = 168, 0 = -5*o + m + 183. What is the tens digit of o?
3
Suppose 55284 = 9917*l - 9911*l. What is the hundreds digit of l?
2
Let t be 10*(-6 - (-51)/6). Suppose -t*z + 4308 - 833 = 0. What is the tens digit of z?
3
Let l be ((-1 - -1)/(-2))/(-4 + 3). Suppose l = 6*g - 1 - 29. What is the units digit of 1/(g - (-416)/(-84))?
1
Let b be 1/4 + 150660/48. Suppose -4*o - o + c = -b, 4*o - 2*c = 2516. What is the units digit of o?
7
Let z(g) = g + 23. Let l be z(-8). Suppose -4*r = -y + 6*y - l, 15 = -4*r + 5*y. Suppose r = 3*o - 7*o + 620. What is the tens digit of o?
5
Let f(t) = 2*t**2 - 211*t + 2554. What is the ten thousands digit of f(139)?
1
What is the tens digit of 251/((-17)/(-102)*(-12)/(-2))?
5
Let d = -184 - -189. Suppose -4*a + 1362 = 4*o - 4442, -d*o - 4353 = -3*a. What is the units digit of a?
1
Let y(x) = 5*x - 5*x - x**3 + 17 + 14*x**2 + 3*x - 4*x. Let p be y(14). Suppose -p*q + 414 = 3*q. What is the units digit of q?
9
Suppose 3*i + 5*a = 35, 0 = 4*i + a + 3*a - 36. Suppose i*h - 88 = 87. Suppose -3*q + 77 = -x, -q + 8 = 4*x - h. What is the units digit of q?
7
Let z be (11/(-33))/(2/(-76))*3. Suppose -z = -r - 4. What is the tens digit of r?
3
What is the ten thousands digit of (114/36)/(86/1198668)?
4
Suppose 4*j - 6 - 10 = -r, -2*r - 4*j = -24. What is the tens digit of (-42)/r*(-5 + -79)?
4
Suppose 0 = 23*b - 21*b + 3*g - 9928, 3*g = 5*b - 24841. What is the units digit of b?
7
Let h(u) = u**3 + 2*u**2 - 3*u - 2. Let g be h(-4). Suppose -9 = 2*i + 3*r - 23, 21 = i + 5*r. What is the tens digit of ((-1353)/g)/(i/2)?
2
Suppose 0 = -2*t - 3*z + 1582, -8*t = -5*t - 2*z - 2412. What is the hundreds digit of t?
8
Suppose -10*l + 15*l = 12*l. Suppose 5*h - 3286 = n, h - 3*n - 660 = -l*n. What is the tens digit of h?
5
Let m(n) = -n**3 + 9*n**2 - 15*n + 7. Let a be m(7). Let x be ((a - 0)/(-1))/(-2). Suppose x = 4*f - 305 - 75. What is the tens digit of f?
9
Let i = -430 + -86. What is the tens digit of (i/(-8))/((-6)/(-12))?
2
Let k be ((-386)/6)/((-6)/(-18)). Let u = k + 1210. What is the tens digit of u?
1
Suppose 41*w - 53012 = 30*w + 69836. What is the ten thousands digit of w?
1
Let v be 12/(-2)*16842/126. Let h = 2252 + v. What is the thousands digit of h?
1
Let o(w) = -w**2 - 81*w + 20. Suppose -5*n = -l + 199 + 29, -2*n - 2*l = 84. What is the units digit of o(n)?
0
Suppose -117*a - 7905 = -4*m - 116*a, 0 = 4*a - 12. What is the thousands digit of m?
1
Suppose 8 = 3*l + 4*f, -4*f = 4*l - 2*l - 4. Let h be (l - 3)/(-4) + (-26)/(-8). What is the tens digit of -40*(0 + 0 - h) + 3?
2
Let b = 861 + -854. Suppose 0 = -28*f + b*f + 24003. What is the units digit of f?
3
Suppose 5*o - 4*o = 3*n - 39, -2*o + 42 = 4*n. Let c = 58 - 28. What is the units digit of n/(-3) - c/(-2)?
1
Let p = 335 + 360. Let x = p - 186. What is the hundreds digit of x?
5
Let r be 1 + -3 + 5/(5/2). Suppose 3*c + r*c = 4*s - 4, c + 3*s = -10. What is the units digit of 3/(c - -7)*182?
2
Suppose 5*d - 23*d = -18. What is the tens digit of d/(22/4) - 152704/(-352)?
3
Suppose 3 = -2*z + 17. Suppose 0 = -i + z*i - 24. Suppose 245 = v + i*v. What is the units digit of v?
9
Let s be (-6*1)/(72/(-21636)). Suppose -771*c - s = -774*c. What is the tens digit of c?
0
Let y = 28060 + -11849. What is the units digit of y?
1
Let x = -140 + 615. Suppose -4*v = -6*t + 7*t - x, -t = 2*v - 469. What is the hundreds digit of t?
4
Suppose 366*j - 5298019 - 8177689 = 9155536. What is the hundreds digit of j?
8
Suppose 7 = -v + 9. Suppose -3*g = 5*a - 20, -4*g - 5 = -v*a + 3. Suppose -7*f + 237 = -a*f. What is the units digit of f?
9
Let k(x) = 3*x**3 + 4*x**2 - x + 9. Let n(m) = m**3 - 35*m**2 + 3*m - 101. Let s be n(35). What is the units digit of k(s)?
1
Let o = -1020 - 1080. Let v = 3052 + o. What is the units digit of v?
2
Let r = 17492 - 9617. What is the hundreds digit of r?
8
Let q(o) = 40*o**3 - 5*o**2 - 47*o + 249. What is the units digit of q(8)?
3
Let v be 10*(6 + -5) + 3. Suppose -12*p = -v*p + 128. What is the hundreds digit of p?
1
Suppose -11*b - 250 - 1873 = 0. Let i = b + 422. What is the tens digit of i?
2
Let r(h) = -h - 3. Let o be r(-16). Suppose o*u - 17 = -43. What is the units digit of u + 72 + (0/(-1))/3?
0
Suppose 3*b - 4*k - 15640 = 0, -5*b + k + 3261 = -22800. What is the hundreds digit of b?
2
Suppose 45*m - 40*m = -3*n + 103940, 83189 = 4*m - 5*n. What is the ten thousands digit o